8) - 1 - -1.
-6
What is the value of 3 + (-6 - (3 + (1 - 2)))?
-5
What is (9 - 4) + 4 + -4?
5
What is 5 + -4 + (-1 - 1)?
-1
Evaluate -7 + (6 - 1 - 4).
-6
What is (-1 - -1) + -7 + 7 + 4?
4
Evaluate -12 - (-25 - -12) - (2 + 2).
-3
What is (0 - -3) + (9 - 16)?
-4
-1 - 4 - (-11 - (-12 + 10))
4
What is (-2 + -1 - -9) + -8?
-2
What is 10 - (6 + -1) - 10?
-5
What is the value of 1 - 1 - (9 + -5 - 9)?
5
What is (-7 - 8) + -1 + 11?
-5
Evaluate (-1 - 4 - -2) + -2 + 3.
-2
Calculate 1 + (13 + -4 - 19).
-9
What is 5 + (-1 - 0 - (3 + -1))?
2
5 + (-3 + 9 - 14)
-3
What is 4 - (-2 + -1) - 4?
3
What is (0 - (-2 - 2)) + -7?
-3
(-2 + 6 - (2 - 2)) + 0
4
Evaluate 3 - (7 + (-2 - 2)).
0
16 + -1 - (101 - 90)
4
What is (62 - 62) + 1 + 0 + -4?
-3
Calculate (-19 - -14) + (3 - 1).
-3
Calculate 16 + -3 + -3 + -3.
7
What is -1 + 0 + (103 - 96)?
6
What is the value of 233 - 228 - (5 + 0 + 0)?
0
(0 + -6 + 4 - 1) + 0
-3
What is 10 + -3 + -8 + -14 + 11?
-4
Calculate (-2 + 1 - -3 - 1) + -2.
-1
Evaluate (0 - -5) + (-46 - -41).
0
What is (0 - -2) + -3 - -2?
1
Calculate -3 + (-2 - -2) + 4.
1
What is the value of 3 + 1 - 1 - 4 - 7?
-8
Calculate 6 + (7 + -14 - -9).
8
What is -4 - (-3 + -4 + (21 - 8))?
-10
Calculate (1 - 10) + (-9 - -13).
-5
-21 + 21 + 0 + (2 - 0)
2
Calculate (-8 - -14) + 3 - 6.
3
Evaluate 3 + (-5 - (1 - -3)) + 4.
-2
What is the value of -2 + 1 - (25 - 31)?
5
1 + (-4 - 2) + -2 + 6
-1
Calculate (5 - (-1 + -1 + 4)) + -5.
-2
Evaluate 6 - (7 + (0 - 8 - -5)).
2
What is 1 - 4 - (1 + 6 + -9)?
-1
What is 4 - (0 - 4 - -3 - 1)?
6
Calculate (9 - (1 + 7)) + 1.
2
Calculate (-2 - 0 - -1) + (45 - 41).
3
What is 0 + -5 - -5 - -1?
1
10 + -14 + (1 - -3)
0
Calculate 0 + 3 + 3 + -4.
2
What is (10 - (15 - 10)) + 2 + -15?
-8
What is the value of -2 + 4 - (10 - 10)?
2
What is the value of (2 - 2) + -3 + 0?
-3
Evaluate -1 + 4 - 9 - (8 - 10).
-4
What is the value of 4 + -6 - (-3 - 2)?
3
What is the value of -4 + -1 + 2 + 6 + -3?
0
What is -2 + 2 + (-2 - 1 - -5)?
2
What is the value of 4 - (1 - (-3 - 0))?
0
Calculate 5 + -8 + -2 + -1.
-6
Calculate 6 + -6 - (1 - 3).
2
What is (4 - (-4 - -3)) + 2 - 15?
-8
Calculate (13 - (-12 - -10)) + -6.
9
Evaluate 6 - (5 + (0 - 2) + 10).
-7
What is the value of -3 + -1 - (-78 + 75)?
-1
Calculate (4 - -5) + 2 - (4 + 2).
5
Calculate 2 - (-2 + 1) - (16 - 14).
1
-5 + 4 + 4 - (1 + -3)
5
-6 + 7 + -4 + -3 + 1
-5
What is (-1 - (-1 + 0)) + -3?
-3
What is -4 - (4 - 9 - 1)?
2
What is the value of 2 + (-20 - -23) + -3 + 1?
3
What is the value of 1 + -5 + (2 + 10 - 5)?
3
-81 + 72 + (-2 - -14)
3
Evaluate -2 + -3 - (-3 + (-10 - -13)).
-5
Calculate -11 + (11 - 4 - 2) - 1.
-7
What is -4 - -2 - -3 - -1 - 1?
1
8 + -15 + 17 + -10
0
What is (23 - (-15 - -36)) + -1 + -7?
-6
What is -5 - (-4 - -1 - (6 + -2))?
2
What is the value of (-7 - (10 + -8)) + 5?
-4
Evaluate (1 - 1) + 0 - 4.
-4
Calculate (-6 - (-6 - -6 - 6)) + 1.
1
Evaluate (-3 - 4 - -2) + 0 + 2.
-3
Evaluate 0 - (16 + (4 - 13)).
-7
Evaluate -1 + 3 + -1 + 1.
2
Calculate (-4 + 18 - 3) + -4.
7
What is (2 - (-3 + (6 - -4))) + 2?
-3
Evaluate (45 - 35) + 2 + -7.
5
Evaluate -16 + 0 + (-9 - -19).
-6
Evaluate -3 + 5 - (5 + -9).
6
-5 + -1 + 8 - -3
5
What is the value of -5 - ((0 + 0 - -2) + -5)?
-2
Evaluate -12 - (-12 - -3) - -9.
6
What is the value of (3 - 7) + (6 - -2 - -2)?
6
Evaluate 22 + -20 + 3 + 2 + -4.
3
Calculate 15 + -15 + 0 + 6.
6
Evaluate -50 + 68 + -14 + 0.
4
What is the value of -4 + (-4 - (2 + -1)) + 1?
-8
What is 6 + (7 - 6) + (-2 - 1)?
4
8 + 6 + 1 + (-11 - -4)
8
(-6 - (7 - 7)) + 7
1
Evaluate (3 - (13 + -5)) + 7 - -2.
4
What is 6 - (-14 - -23) - (0 + -5)?
2
Evaluate 1 + (0 + -4 - -3 - 2).
-2
Calculate 6 - (-5 + 6 - -9).
-4
Evaluate -4 - -5 - (2 + -6).
5
What is (13 - 25) + 0 - -2?
-10
-1 + (-3 - -2 - (2 + -3))
-1
Evaluate (-26 + 13 - -14) + (0 - -2).
3
What is 1 + (-4 + 6 - 2)?
1
What is the value of -2 - -9 - 14 - -13?
6
Calculate 1 + (-5 + 4 - -7).
7
What is the value of 2 - (-2 + (-3 - -15) - 5)?
-3
(1 - -6) + (-13 - -9)
3
Evaluate 12 + 3 + -8 - 4.
3
Evaluate 12 + -15 + 0 + -1.
-4
What is the value of 8 + -6 + (-5 - 0)?
-3
What is -6 + (6 - 2 - 1)?
-3
What is -22 + 14 - (-2 + -3)?
-3
What is (0 - -1) + (4 - (12 + -2))?
-5
What is -4 + 13 + (1 - 4) + 3?
9
What is the value of 4 + -1 + -6 - -1?
-2
Calculate -7 + 2 + 6 + -5 - -1.
-3
Calculate -2 - -1 - (51 + -56) - 5.
-1
What is the value of (3 - (11 - 2)) + (-2 - -4)?
-4
Calculate 4 + -4 + (3 - 4).
-1
Calculate -5 - (4 - (5 - 6)).
-10
Evaluate -12 - -6 - 2 - -4.
-4
What is the value of (-1 - -2 - 3) + (-114 - -116)?
0
What is the value of 0 + 1 + 1 + -3 + 0?
-1
What is the value of 1 + -1 + -2 + 4?
2
What is the value of 1 + (2 + -1 - 1)?
1
Calculate (-5 - -3) + 4 + -5.
-3
Evaluate (-2 - (5 + -10)) + -5.
-2
What is the value of -1 + -5 - (-4 - -2)?
-4
Evaluate (1 - -2) + -1 + -6 + 4.
0
Calculate (10 - (11 - 8)) + -1.
6
Calculate -8 + (-8 - (-22 + 10)).
-4
-5 + (2 + -1 - 1)
-5
Evaluate 5 - ((7 - (3 + 8)) + 2).
7
What is 3 - (14 + -3 - 2) - -1?
-5
What is (-3 - -2) + 2 - (-3 - 0)?
4
(-1 - (-6 + 4 - -4)) + -2
-5
What is (-9 - -4 - 3) + 5?
-3
Calculate 0 + -11 - (2 + (-14 - -6)).
-5
Evaluate 11 + -9 + 12 - 8.
6
Calculate 2 - (-7 + (1 - 0 - -4)).
4
Calculate -3 + (-3 - (-11 - -1)) - 8.
-4
What is the value of 1 + -7 + 6 + 0?
0
(4 - 2) + 1 - (7 - 8)
4
What is the value of (-5 - 5) + 0 - -8?
-2
Evaluate 12 - 7 - 7 - (1 - 4).
1
Calculate (-6 - -6) + (3 - 2 - 5).
-4
-3 - (8 + -7) - -5
1
What is the value of -1 + 10 + 7 + -18?
-2
-15 + 12 + (0 - -9)
6
What is (-8 - -8) + (-1 + -1 - -1)?
-1
What is the value of (-1 - (-11 + 2)) + -12?
-4
-30 + 26 + -1 + 4 - -9
8
What is -2 + -3 + 7 + -8?
-6
-2 - (5 + -2 + -2)
-3
59 + -56 - (-3 - 1)
7
What is -1 + -5 + (5 - 3)?
-4
What is the value of 11 - (-2 - (2 - 8))?
7
What is (-5 + 5 + 6 - -1) + -1?
6
Evaluate (48 - 48) + 1 + -8 + 1.
-6
What is -3 + (6 - (0 - 0))?
3
Calculate 3 - ((5 - 0) + (-13 - -10)).
1
What is the value of 0 + 4 + (6 - 12)?
-2
Calculate -4 + 6 + -9 + 3.
-4
Evaluate 30 - 33 - ((-2 - -4) + -10).
5
What is the value of 0 + 1 - (2 - -4)?
-5
Evaluate 5 + -5 + 5 + -4.
1
What is the value of -7 - (-17 + 1 + 4)?
5
-2 + 1 + 4 + -11 + 7
-1
What is the value of 2 + 3 + (17 - 18)?
4
Evaluate (-3 - -5) + 3 + (-6 - 5).
-6
What is 6 + -5 + (-2 + 0 - -7)?
6
What is the value of -8 - -3 - (5 - 9)?
-1
Evaluate 1 - (10 - 0) - -5 - -1.
-3
What is the value of -2 - (0 - 2) - (2 + -2)?
0
What is -2 + 0 + 3 + -4?
-3
What is the value of -12 - -16 - -6 - 11?
-1
Calculate -3 - (-2 - 8) - 3.
4
What is -8 + -2 + -16 + 25?
-1
-6 - 1 - (-21 - -6)
8
What is the value of (0 - 6) + -1 - -3?
-4
Evaluate 3 - (1 - (-3 - 0)) - 1.
-2
2 + -7 + (-1 - -5 - 1)
-2
Calculate 3 + 5 + -3 - 0.
5
What is (-2 - -15) + -3 + -5 + 0?
5
Calculate (1 - -1) + -2 - 4 - -6.
2
What is 9 + (1 - 4) - (-6 + 10)?
2
Calculate 0 + 0 - (1 + -2).
1
What is the value of -3 + -3 + (-6 - -16)?
4
What is the value of 3 + (0 - 5) + 6?
4
Evaluate -5 + 4 + 2 - 4.
-3
What is -5 + 6 + (-3 - 2) + 1?
-3
Calculate 4 - (3 + -3 + -1).
5
What is 2 - -4 - (-15 + 18)?
3
(1 - 1) + (-32 - -27)
-5
Evaluate -4 + 10 - (12 + (2 - 2)).
-6
(-4 - (-2 + 1)) + (-1 - 1)
-5
Calculate (2 - -6) + -1 - 0.
7
3 + 5 + -2 + 3 + -4
5
What is -7 + -1 + -3 + -5 + 12?
-4
0 + (-4 - 1) + 8
3
10 - (-3 + -4 - -12)
5
What is the value of 3 - ((-3 - -6) + -1) - 1?
0
(0 - (-4 + 4)) + 0
0
What is the value of 1 - (-3 + 10 + (-2 - 2))?
-2
Calculate (10 - (1 - -4)) + -2.
3
What is (-1 - 2) + (3 - -3)?
3
What is 6 + 7 + -24 + 4?
-7
(-16 - (4 - (-4 + 15))) + 5
-4
What is the value of -18 + -14 + 21 + 3?
-8
Calculate -4 + (-12 - -15) + (0 - 1).
-2
What is -2 + 3 + (6 - -3) + -4?
6
What is 8 + -2 + -4 - 6?
-4
Evaluate -3 - (5 - 12) - 4.
0
-6 + 5 + (-8 - -6)
-3
What is 4 + 6 + (5 - 9 - 0)?
6
Calculate -9 + (8 - (-9 - -16)).
-8
Calculate (-1 - -4) + -6 + (7 - 5).
-1
-5 + 1 - (6 + 2 + -12)
0
What is the value of (-11 - -11) + -1 + 1 + -2?
-2
What is -13 + 13 + 4 - (3 + 1)?
0
What is (3 + 5 - 5) + -16 - -6?
-7
Calculate -7 + (-10 - -8 - -2).
-7
9 + -3 + 25 + -37
-6
Calculate 1 + -1 + (1 - -4 - 7).
-2
What is the value of (16 - 5) + -13 + -8?
-10
What is 13 + -2 + -5 + -16 + 12?
2
What is the value of -4 - 1 - (-5 - 0)?
0
What is 10 + (1 - 10) + (-7 - -11)?
5
-7 - (-5 + -7 + 0)
5
What is the value of 5 + (-3 - -1) + (38 - 35)?
6
(-4 - (-